, what is 3 + 1063143321?
1063143324
In base 11, what is 3 - -5203113?
5203116
In base 4, what is 12100003 + -2323?
12031020
In base 2, what is -1011 - 110100100000001111010?
-110100100000010000101
In base 2, what is 10111110011111 + -1101010011?
10110001001100
In base 6, what is -4 + -23252220?
-23252224
In base 4, what is 222 + 132221203?
132222031
In base 12, what is 59b74 + 39?
59bb1
In base 6, what is 31513512 + 43?
31513555
In base 8, what is 0 + -714372715?
-714372715
In base 11, what is 1 - 56135384?
-56135383
In base 9, what is 136 + -117780?
-117643
In base 14, what is -266abb6 - -1d?
-266ab97
In base 2, what is -100101 - -11110100110000100?
11110100101011111
In base 4, what is -21330220210 - 1111?
-21330221321
In base 5, what is -12 + 33423334?
33423322
In base 6, what is -24151325 - 112?
-24151441
In base 4, what is 11221 + 1231133?
1303020
In base 5, what is -102 - 20343241?
-20343343
In base 3, what is -11002220 - -12120202?
1110212
In base 9, what is -4611 - -53734?
48123
In base 9, what is -3 + 720037555?
720037552
In base 7, what is 33623 - 6460?
24133
In base 10, what is 1035 - 317?
718
In base 11, what is -1 - -4499236?
4499235
In base 8, what is -4 - -104234170?
104234164
In base 14, what is -20 - 2217bb?
-2217db
In base 7, what is -213 + 134046?
133533
In base 10, what is -4925519 - -3?
-4925516
In base 15, what is 546 + 1817?
1d5d
In base 7, what is 2 + 4502124020?
4502124022
In base 10, what is 213835 - 119?
213716
In base 15, what is -3a - -2a311?
2a2c6
In base 16, what is 0 - -5335575?
5335575
In base 7, what is -6 + -131546420?
-131546426
In base 8, what is -22 + -2403672?
-2403714
In base 13, what is 33997 - 478b?
2c209
In base 3, what is -1111001200200 + -10?
-1111001200210
In base 7, what is -1 + 12452610?
12452606
In base 16, what is -2d7 + 11b8?
ee1
In base 2, what is 1010100100010 - -11001011001000?
100011111101010
In base 15, what is 1 - -35a137?
35a138
In base 13, what is -1741 - cb64?
-115a5
In base 15, what is 1 - -838d6?
838d7
In base 3, what is 2001000 - -200020000?
202021000
In base 14, what is -6c3 - 295b?
-3240
In base 8, what is -26276504 + 4?
-26276500
In base 3, what is -212202201202 + 1222?
-212202122210
In base 13, what is -6b75 + 160a?
-5568
In base 7, what is -113156 + 110?
-113046
In base 16, what is -10e + -b2ce?
-b3dc
In base 6, what is 2 + 213303522?
213303524
In base 7, what is -2036106025 - 3?
-2036106031
In base 16, what is 1de5a - 4d3?
1d987
In base 9, what is 1 + 13130407?
13130408
In base 11, what is 281aaa - 6?
281aa4
In base 16, what is d9 + -d5ce2?
-d5c09
In base 3, what is -10022201220201 - -11100?
-10022201202101
In base 13, what is -1895 + 1896?
1
In base 7, what is 6 - 634016?
-634010
In base 8, what is 5661667 - -2?
5661671
In base 3, what is -21101022100 - -10112?
-21101011211
In base 12, what is a06 - 207?
7bb
In base 8, what is 1514706 + 5?
1514713
In base 3, what is -11 + 1212210111210002?
1212210111202221
In base 2, what is -101 + -1000101001110010110101?
-1000101001110010111010
In base 9, what is 3 + 141180448?
141180452
In base 9, what is -20142 + 1533?
-17508
In base 3, what is -1002120101 - 200200211?
-1210021012
In base 10, what is 9213 - 9777?
-564
In base 10, what is 462 - 2123?
-1661
In base 11, what is -43 + 1692686?
1692643
In base 2, what is 110101 + -1000010101111010000001?
-1000010101111001001100
In base 5, what is 3423420 - 11103?
3412312
In base 8, what is 2 + 3542252?
3542254
In base 9, what is -50813636 + -1?
-50813637
In base 7, what is -24 + -554024?
-554051
In base 10, what is 31306 + -7362?
23944
In base 12, what is 1468a26 + 6a?
1468a94
In base 8, what is 120 - 44460?
-44340
In base 9, what is -43333 + -403?
-43736
In base 15, what is -17347c - 0?
-17347c
In base 6, what is 23532 + -352154?
-324222
In base 12, what is 1658 + 1558?
2bb4
In base 5, what is 132 - 33020210?
-33020023
In base 12, what is -84944bb - 3?
-8494502
In base 16, what is -1552 + 1a32d?
18ddb
In base 15, what is 1c48b0c + 0?
1c48b0c
In base 11, what is 91913 + -162?
91761
In base 15, what is -1 - -2ed4c6?
2ed4c5
In base 9, what is 4 - -132412468?
132412473
In base 14, what is -14 - 1d264b1?
-1d264c5
In base 8, what is 57230454 + -4?
57230450
In base 3, what is -12 + 10020121020000?
10020121012211
In base 11, what is -aa32 + 281?
-a761
In base 2, what is -1011110010101 + 11000101001000?
1100110110011
In base 5, what is 2312 - -230441?
233303
In base 13, what is -53b2537 - 3?
-53b253a
In base 2, what is -101 + -11001101101010111?
-11001101101011100
In base 6, what is 2451502355 + -5?
2451502350
In base 8, what is 4 - 4207005?
-4207001
In base 2, what is 100100011011100111110010110 + -11?
100100011011100111110010011
In base 14, what is d58ba844 + 1?
d58ba845
In base 13, what is -1114 - 10000?
-11114
In base 2, what is -101 + -11100011111111011000100?
-11100011111111011001001
In base 9, what is -23 - -1165521?
1165487
In base 14, what is 2b - -1a68?
1a95
In base 15, what is -ee9562 - 7?
-ee9569
In base 10, what is -62376 + -253?
-62629
In base 4, what is 11100010 - 1033100?
10000310
In base 4, what is -1 - 1222112102200?
-1222112102201
In base 15, what is -1 + -343c046?
-343c047
In base 13, what is -b - -115c0b?
115c00
In base 10, what is 3 - 79788279?
-79788276
In base 4, what is -2 - -13020211023?
13020211021
In base 4, what is 12220221232 + 101?
12220221333
In base 12, what is -13 + -673729b?
-67372b2
In base 7, what is 0 + -4666641205?
-4666641205
In base 5, what is 404 + -13323300?
-13322341
In base 8, what is 3044 - -27753?
33017
In base 10, what is 16 + -957830?
-957814
In base 7, what is 4 - 24424260?
-24424253
In base 14, what is -74d8d006 + 4?
-74d8d002
In base 16, what is 4 - -163e69c?
163e6a0
In base 8, what is -21335 + 1625?
-17510
In base 4, what is -1233031 + -3302113?
-11201210
In base 7, what is -36056211 - 363?
-36056604
In base 9, what is 4658 + 736?
5505
In base 8, what is 45 + 3602762?
3603027
In base 2, what is 10 + 110001110101000101011?
110001110101000101101
In base 6, what is -1 - 4221114045?
-4221114050
In base 9, what is -1628764 + 587?
-1628166
In base 10, what is 1977 - 50896?
-48919
In base 3, what is -1002211 - 22010202211?
-22011212122
In base 12, what is -8 + -35b69a6?
-35b69b2
In base 14, what is 31 + 20c492?
20c4c3
In base 13, what is -5cb765 + c?
-5cb756
In base 16, what is 7205 + 9a6?
7bab
In base 6, what is -405 + -11103354?
-11104203
In base 9, what is 111 - -145352?
145463
In base 12, what is 3438 + 146a2?
17b1a
In base 8, what is -5 + 220057671?
220057664
In base 7, what is -10 + -20202616?
-20202626
In base 10, what is -191 - 74168?
-74359
In base 6, what is -1304 - -14533501?
14532153
In base 14, what is -18dbccb1 + -4?
-18dbccb5
In base 10, what is -5643 + 835?
-4808
In base 10, what is 257975 - 18?
257957
In base 16, what is -791d - -a1?
-787c
In base 11, what is -33 + 318097?
318064
In base 15, what is 76 + 805a?
80d1
In base 9, what is 1641652 - 343?
1641308
In base 6, what is 152 + 240410025?
240410221
In base 16, what is -7ef - -18d15?
18526
In base 6, what is 4 + -1235233414?
-1235233410
In base 3, what is -20212101 - 2001201112?
-2022120220
In base 14, what is 785217 - -3?
78521a
In base 12, what is -b92 - -2a9b?
1b09
In base 6, what is -30122154134 + 4?
-30122154130
In base 14, what is -2c8d395 - -5?
-2c8d390
In base 9, what is 36 - 17326682?
-17326645
In base 15, what is -4a + 108b4a5?
108b45a
In base 15, what is 41 - 11d351e?
-11d34cd
In base 6, what is 101 + 1044020022?
1044020123
In base 10, what is 1 + -219702?
-219701
In base 14, what is -35594988 - -5?
-35594983
In base 15, what is 0 + bc71c3?
bc71c3
In base 2, what is 1111111111111101011 - -101?
1111111111111110000
In base 9, what is -621 - 126753?
-127474
In base 15, what is 6764e - -236?
67885
In base 14, what is 96566c + 2?
965670
In base 11, what is 36515916 - -2?
36515918
In base 13, what is -b + 922074?
922066
In base 5, what is 32 - -4213233443?
4213234030
In base 5, what is -3321 - -44030134?
44021313
In base 14, what is 2a63d + 154?
2a793
In base 12, what is 1720a715 + 1?
1720a716
In base 3, what is 11111120002002110 - -2?
11111120002002112
In base 4, what is -20332 + 1132302?
1111310
In base 5, what is 33012244 + 0?
33012244
In base 8, what is -127 - 47132?
-4726